git of 458195027?
5
What is the hundred thousands digit of 51551651?
5
What is the hundred thousands digit of 14260420?
2
What is the hundred millions digit of 172248694?
1
What is the hundred thousands digit of 51244520?
2
What is the units digit of 19727509?
9
What is the ten thousands digit of 1663018379?
1
What is the units digit of 587442408?
8
What is the millions digit of 604203187?
4
What is the millions digit of 697815180?
7
What is the thousands digit of 609107565?
7
What is the millions digit of 16730260?
6
What is the hundred millions digit of 586724118?
5
What is the hundreds digit of 7103735?
7
What is the units digit of 272046499?
9
What is the ten millions digit of 165116711?
6
What is the thousands digit of 386571421?
1
What is the hundred thousands digit of 133133393?
1
What is the millions digit of 86617429?
6
What is the hundreds digit of 146349392?
3
What is the millions digit of 125187952?
5
What is the hundreds digit of 164170923?
9
What is the ten millions digit of 172307186?
7
What is the units digit of 6274814065?
5
What is the hundred thousands digit of 8197603?
1
What is the hundreds digit of 4987976429?
4
What is the hundreds digit of 69718239?
2
What is the millions digit of 1179232529?
9
What is the thousands digit of 25352329?
2
What is the tens digit of 196801852?
5
What is the hundred millions digit of 1844808241?
8
What is the hundreds digit of 19373883?
8
What is the tens digit of 7121737116?
1
What is the ten thousands digit of 375146681?
4
What is the hundred thousands digit of 485173555?
1
What is the millions digit of 241320023?
1
What is the millions digit of 5966606494?
6
What is the units digit of 59866855?
5
What is the units digit of 2421765772?
2
What is the ten millions digit of 28289688?
2
What is the thousands digit of 878568582?
8
What is the units digit of 70817244?
4
What is the ten thousands digit of 507338760?
3
What is the hundreds digit of 76720149?
1
What is the hundreds digit of 618473639?
6
What is the millions digit of 654733809?
4
What is the ten thousands digit of 69031149?
3
What is the tens digit of 49509732?
3
What is the tens digit of 2830521569?
6
What is the ten thousands digit of 150027950?
2
What is the hundred millions digit of 208421165?
2
What is the hundreds digit of 5643721108?
1
What is the ten thousands digit of 7768297?
6
What is the hundreds digit of 8257319755?
7
What is the thousands digit of 518912983?
2
What is the tens digit of 290456393?
9
What is the hundred thousands digit of 256067048?
0
What is the ten thousands digit of 289548763?
4
What is the hundred thousands digit of 4874115809?
1
What is the hundred millions digit of 2701680319?
7
What is the hundred millions digit of 257908342?
2
What is the thousands digit of 7306862030?
2
What is the thousands digit of 8759479?
9
What is the hundreds digit of 72754909?
9
What is the tens digit of 1235359824?
2
What is the ten millions digit of 122910732?
2
What is the ten millions digit of 2826788124?
2
What is the ten millions digit of 330273619?
3
What is the billions digit of 1789554337?
1
What is the units digit of 11955802?
2
What is the hundreds digit of 104247168?
1
What is the millions digit of 1605113216?
5
What is the ten thousands digit of 7298117?
9
What is the billions digit of 3028951807?
3
What is the millions digit of 256628371?
6
What is the units digit of 13892462?
2
What is the hundreds digit of 59164305?
3
What is the millions digit of 212204119?
2
What is the tens digit of 1095090247?
4
What is the tens digit of 293424785?
8
What is the tens digit of 1361322836?
3
What is the units digit of 153867870?
0
What is the hundred millions digit of 165113043?
1
What is the hundreds digit of 1093339488?
4
What is the ten thousands digit of 41483390?
8
What is the thousands digit of 458081297?
1
What is the hundreds digit of 41976962?
9
What is the thousands digit of 2084890?
4
What is the units digit of 468988505?
5
What is the hundred thousands digit of 921275558?
2
What is the units digit of 938842660?
0
What is the hundred thousands digit of 288391397?
3
What is the hundreds digit of 35974066?
0
What is the hundred thousands digit of 12184994?
1
What is the hundred millions digit of 152953301?
1
What is the millions digit of 76581440?
6
What is the hundreds digit of 1141020431?
4
What is the tens digit of 377693431?
3
What is the ten millions digit of 3670221027?
7
What is the tens digit of 580866857?
5
What is the ten thousands digit of 115177367?
7
What is the hundreds digit of 95842135?
1
What is the ten thousands digit of 1144395627?
9
What is the ten thousands digit of 130243107?
4
What is the billions digit of 4060808347?
4
What is the hundred thousands digit of 50024189?
0
What is the ten millions digit of 767821252?
6
What is the ten thousands digit of 230425019?
2
What is the tens digit of 50327975?
7
What is the thousands digit of 62982568?
2
What is the hundreds digit of 57782465?
4
What is the tens digit of 1004317902?
0
What is the tens digit of 6043034725?
2
What is the hundreds digit of 233578613?
6
What is the hundred thousands digit of 100305534?
3
What is the ten millions digit of 414338342?
1
What is the millions digit of 66562474?
6
What is the hundred millions digit of 200507384?
2
What is the tens digit of 94584173?
7
What is the hundred millions digit of 185767517?
1
What is the ten millions digit of 553080640?
5
What is the hundreds digit of 1659658312?
3
What is the billions digit of 1229086831?
1
What is the hundred millions digit of 205850395?
2
What is the tens digit of 342026765?
6
What is the ten millions digit of 241740359?
4
What is the ten thousands digit of 1857651102?
5
What is the millions digit of 290050540?
0
What is the hundred millions digit of 627374972?
6
What is the hundred thousands digit of 1674142945?
1
What is the ten millions digit of 227431090?
2
What is the thousands digit of 2776585215?
5
What is the hundred thousands digit of 3347100780?
1
What is the hundred thousands digit of 31729091?
7
What is the units digit of 410040988?
8
What is the tens digit of 16077989?
8
What is the millions digit of 37480258?
7
What is the hundreds digit of 656479348?
3
What is the hundreds digit of 70085316?
3
What is the ten millions digit of 25028741?
2
What is the ten millions digit of 42356562?
4
What is the hundred thousands digit of 184934352?
9
What is the hundred thousands digit of 8597606047?
6
What is the ten millions digit of 140751017?
4
What is the millions digit of 314260705?
4
What is the units digit of 93033454?
4
What is the hundred thousands digit of 563841012?
8
What is the hundred thousands digit of 410160189?
1
What is the tens digit of 233992438?
3
What is the hundred millions digit of 241306001?
2
What is the millions digit of 284882401?
4
What is the thousands digit of 313346831?
6
What is the ten thousands digit of 87098984?
9
What is the hundreds digit of 4728954658?
6
What is the hundred millions digit of 876969024?
8
What is the hundreds digit of 60741610?
6
What is the hundred thousands digit of 108402295?
4
What is the millions digit of 75234953?
5
What is the units digit of 602338052?
2
What is the ten thousands digit of 71170270?
7
What is the tens digit of 15486553?
5
What is the ten millions digit of 413684636?
1
What is the units digit of 4068283?
3
What is the hundreds digit of 52960221?
2
What is the tens digit of 486566024?
2
What is the hundreds digit of 553702233?
2
What is the hundred thousands digit of 140496789?
4
What is the thousands digit of 29369442?
9
What is the ten thousands digit of 45977080?
7
What is the hundreds digit of 179361044?
0
What is the hundred millions digit of 258279664?
2
What is the tens digit of 51016729?
2
What is the tens digit of 2541944768?
6
What is the ten thousands digit of 527521390?
2
What is the thousands digit of 471986397?
6
What is the tens digit of 1057173961?
6
What is the ten thousands digit of 1423206676?
0
What is the units digit of 7242654?
4
What is the ten millions digit of 129910154?
2
What is the tens digit of 450912110?
1
What is the hundreds digit of 3627030740?
7
What is the thousands digit of 37397277?
7
What is the ten millions digit of 4075642754?
7
What is the hundre